y be 80/x - 16/24. What is the tens digit of 680/38 + y/247?
1
Let m = -10376 - -20495. What is the tens digit of m?
1
Let n(x) = 15*x - 179. Let g be n(12). What is the hundreds digit of g/((2/(-4))/(807/(-3)))?
5
Let n = -15366 - -40313. What is the thousands digit of n?
4
Suppose 21 = -7*q + 14*q. Let t = 31 + -27. Suppose -q = -h - 2*z + 221, t*h - 881 = -5*z. What is the units digit of h?
4
What is the thousands digit of 207/12*16*1030/30?
9
Let y(f) = -f**3 + 8*f**2 + 4*f - 8. Let h(o) = o**3 - 6*o**2 - o + 13. Let g(w) = 2*w**2 - w. Let m be g(2). Let r be h(m). What is the units digit of y(r)?
9
Let t(h) = 11*h - 141 - 85*h - 85. What is the units digit of t(-19)?
0
Suppose -116 = 27*o + 451. What is the tens digit of 12/o + (-9788)/(-28)?
4
Let a = -70 - -78. Let k be (a - (-555)/(-20))/(2/(-8)). Let j = k + -5. What is the tens digit of j?
7
Let y(v) = -105*v + 86*v - 38 - 58 + 10. What is the tens digit of y(-35)?
7
Let b(x) = 2*x**3 + x**2. Let h(o) = 3*o**3 + o**2 - 22*o - 58. Let n(a) = -2*b(a) + h(a). What is the hundreds digit of n(-6)?
2
Let g be -3 - (20 + 0/(-3)). What is the units digit of 12/(-2) - (-108 - g)?
9
Suppose -24*k = -272138 - 158734. What is the hundreds digit of k?
9
Let p be (-3)/(-6) - (-5)/(-2). Let g(f) = -10*f + 12989*f**3 + 15*f - 3*f**2 - 12992*f**3 - 5 - 10*f. What is the units digit of g(p)?
7
Let w(j) = 181*j**3 - 14*j**2 + 17*j + 23. What is the tens digit of w(3)?
3
Let a(w) = w**3 + 17*w**2 + 16*w + 2. Let l be a(-16). Suppose 902 = -l*y + 4*y. Suppose 4*i - y = 93. What is the tens digit of i?
3
Let n = -76278 - -134978. What is the ten thousands digit of n?
5
Suppose -8*g = -6*g - 3*v - 19409, 48495 = 5*g - 2*v. What is the units digit of g?
7
Let o = 247 - 158. Let r = o - 49. Suppose -y + 121 = r. What is the units digit of y?
1
Let f(p) = 3*p**2 + 114*p - 1223. What is the tens digit of f(-57)?
2
Suppose i = 5*n - 4, 0 = i - 3*n - 2 - 0. Suppose -1 = -3*p + i. Suppose 16 = p*q - 4*b, 3*q - 2 = -2*b + 15. What is the units digit of q?
5
Let m be (-830)/90 + 2/9. Let l be ((-1)/1)/(8 + m). What is the units digit of 38 + l/(4/(-12))?
5
Suppose -3*w + b = -137, 4*w = -0*w - 5*b + 170. Let n = w + -57. Let k = n - -58. What is the tens digit of k?
4
Suppose -9*j = -5*j + 4, o - 1624 = 2*j. Suppose 0 = -q - 3*q + 3*x + o, 2*x = -2*q + 818. What is the units digit of q?
7
What is the ten thousands digit of ((-238)/(-425))/(-7) - (-567902)/25?
2
Let d(z) = 69*z**2 - 61*z - 18. What is the thousands digit of d(-9)?
6
Let u = 28592 - 15321. What is the units digit of u?
1
Let y(l) = 1374*l**3 + 80*l - 246. What is the tens digit of y(3)?
9
Suppose 114 = 3*m - a, 5*m - 4*m - 4*a - 38 = 0. Suppose -y - 6*n = -n + m, -2 = -n. Let f = 138 + y. What is the tens digit of f?
9
Suppose 87*s + 1845457 - 19575845 = -134*s. What is the tens digit of s?
2
Let g(u) = u**3 - u**2 + 5*u - 7. Let k be g(3). Suppose -2*i = d - 0 - 13, 0 = -2*d + 4*i + k. Suppose 210 = d*y - 11*y. What is the hundreds digit of y?
1
Suppose -23*t - 14*t = -1110. Suppose 2*b - 104 = -2*x, 31*x - t*x - 5*b - 28 = 0. What is the units digit of x?
8
Let v(d) = 3 - 12*d**2 + 7*d**3 - 10*d**2 + 3*d - 5*d + 5*d**3 + 16*d**2. What is the units digit of v(2)?
1
Suppose 88*b = 85*b + 231. Let a = 79 - b. What is the hundreds digit of (4 + 97)/(-1 + a)?
1
Suppose -353 = -5*m - w, 3*w = -3*m - 2*m + 359. Let b be (-2)/(-5) + 112/m. What is the tens digit of ((-501)/(-12) + b/(-8))*2?
8
Let v = -19 + 13. Let d(a) = a**3 + 7*a**2 - 23*a - 12. Let n be d(-8). What is the hundreds digit of ((-154)/v)/(18/n)?
1
Suppose 8*r + 7923 = 27*r. Suppose 0 = i - 3*w - 222, -2*i + 3*w + 21 = -r. What is the hundreds digit of i?
2
Let b(o) = -o**3 - o**2 + 4*o + 391. Suppose 4*d = -5*t - 4, -3*t = d - 13 + 14. What is the tens digit of b(t)?
9
Suppose 209*m - 210*m + 3*w = -22233, 5*m + w = 111133. What is the tens digit of m?
2
Suppose 79*w = 40*w + 1755. What is the units digit of w?
5
Let z(x) be the third derivative of 17*x**5/20 + 13*x**4/8 + 5*x**3/3 - 34*x**2. What is the units digit of z(-4)?
0
Let a(u) = -561*u - 560. What is the tens digit of a(-18)?
3
Let s(f) = -f**3 - 10*f**2 - 9*f + 5. Let n be s(-9). Suppose -n*u + 992 - 342 = 0. What is the tens digit of (u/(-3))/((-8)/12)?
6
Let g(h) = -h**2 - 8*h - 16. Let a be g(-5). Let v be ((-13)/(-5) + -2)/(a/(-5)). What is the tens digit of (-66)/(-4 + 6/v*1)?
3
What is the thousands digit of 2*2326 + (1 + 20)/(669/(-223))?
4
Let b(l) = 403*l**3 - 4*l**2 + 3*l - 1. Let o be b(1). Suppose 2*f = 0, -3*d - 3*f = -469 - o. What is the units digit of d?
0
Let o(h) = h**3 + 22*h**2 + 51*h - 12. Let t be o(-23). Let g = t - -2505. What is the units digit of g?
1
Suppose 0 = -15*m + 93718 - 21088. What is the tens digit of m?
4
Suppose 5*a + 59 = -5*l - 1, -5*a - 44 = l. Let b(t) = t**3 + 10*t**2 - 2*t + 4. What is the tens digit of b(a)?
4
Let v = 962 - 959. Suppose -x - 3211 = -v*o, 3*o - 905 - 2310 = 2*x. What is the tens digit of o?
6
Let p be 64/3*69/4. Suppose 4*a - m = p, -5*m + 8*m - 352 = -4*a. What is the units digit of a?
1
Let w = 1276 + -688. Let v = -866 + w. What is the units digit of v/(-4) - (5 + (-36)/8)?
9
Let w(s) = 152 + 0 - 77 - 21*s + 109. What is the tens digit of w(-55)?
3
Suppose -4*z + f - 4 = -25, 2*z = 5*f - 3. Suppose l + 745 = z*l. What is the tens digit of l?
4
Let w(x) = 75214*x**2 + 8*x - 1. What is the ten thousands digit of w(1)?
7
Suppose 7*q = 12*q + 15. What is the tens digit of (q - 486)*-1 + -2?
8
Suppose 0 = -2*p + 3*w - 5, -3*w + w = -2*p. Let x(o) = o**2 + 2. Let c be x(p). What is the tens digit of c + (-2)/2 + 7 + -8?
2
Let h(n) = -214*n + 19. Let w be h(-2). What is the units digit of w/1 + 5/(8 - 13)?
6
Let j(b) = 29*b**2 + 115*b + 63. What is the units digit of j(-28)?
9
Let m = -8518 - -9481. What is the hundreds digit of m?
9
Let g(i) = i**2 - 6*i - 5. Suppose 0 = -q + 5*q - 4*t - 4, 0 = -4*q + 2*t + 6. Suppose 36 = o + q*o. What is the units digit of g(o)?
7
Suppose 16*y - 33 = 5*y. Suppose -15 = y*i - 3*n, 2*i - i - 2*n = -9. What is the units digit of (1/i)/((-1)/7)?
7
Let s(a) = 480*a - 387. What is the ten thousands digit of s(28)?
1
Suppose t + 167*b = 163*b + 6248, -3*t + 18777 = b. What is the units digit of t?
0
Let a be -2 - 1 - (216/6 - 10). What is the hundreds digit of 643 + a/5 + (-12)/(-15)?
6
Let v be (8/(-6))/(1/3). Let u(r) = 296*r + 40. Let t(s) = 1588*s + 199. Let z(j) = 2*t(j) - 11*u(j). What is the tens digit of z(v)?
7
Let a(l) = 19*l**2 - 11*l + 59. Let g be a(7). Let s(x) = x**2 - x + 2. Let r be s(2). Suppose -g = -r*n - 7*n. What is the tens digit of n?
8
Let l(y) = -y**3 - 10*y**2 - 8*y + 28. Let q be l(-9). Let f = 72 - q. Suppose -5*g + 4*g = a - 45, -g + f = -a. What is the tens digit of g?
4
Let m(h) be the second derivative of -h**3/3 + 14*h**2 + 87*h. What is the tens digit of m(-5)?
3
Let c(r) = r**2 - 4*r - 57. Let w be c(10). Suppose s - 3*s = 0. Suppose s*q = -w*z + 2*q + 49, -4*z = -2*q - 66. What is the tens digit of z?
1
Suppose 3*w = -4*k + 89890, 3*k - 67461 = -0*k + 5*w. What is the hundreds digit of k?
4
Let z(f) = 5748*f - 3349. What is the units digit of z(14)?
3
Let p(y) = -2 + 4 - 12*y**2 - 16*y**2 + 29*y**2 - 8*y. Suppose 0 = 5*f - 4*n - 80, -3*f - 4*n = -7*f + 68. What is the units digit of p(f)?
0
Let b(d) = -d - 20. Let m be b(-14). Let z be 122 - 1/3*(-18 - m). Suppose 0 = -12*w - 6*w + z. What is the units digit of w?
7
Let h(s) = s**2 + 29*s - 102. Suppose 5*c - 204 + 414 = 0. What is the tens digit of h(c)?
4
Suppose 172*o - 741045 - 4000995 = 0. What is the thousands digit of o?
7
Let m(a) = 899*a - 533. What is the tens digit of m(10)?
5
Suppose 450*q = 436 + 115664. What is the hundreds digit of q?
2
Suppose 8*h + 6252 = -4*h. Let p = 375 - h. What is the hundreds digit of p?
8
Let f(p) = -p**2 + 18*p + 1. Let s be f(18). What is the tens digit of 38/19*(s + 319)?
4
Let z(g) = -7*g - 58. Let f be z(-9). Suppose 600 + 4225 = f*i. What is the hundreds digit of i?
9
Let z(m) = -254*m - 653. What is the thousands digit of z(-28)?
6
Let r(b) = 4312*b + 1182. What is the ten thousands digit of r(3)?
1
Suppose 11*t - 55055 = -0*t. What is the thousands digit of t?
5
Let o(z) = -12*z**2 + 1228*z + 184. What i